e -105 = -5*b + 5*s, -4*b + p*s + 42 + 45 = 0. What are the prime factors of b?
2, 3
Let q = -42323 - -108155. List the prime factors of q.
2, 3, 13, 211
Let r = -10 + 40. Suppose -t + 10 = -3*y - 0*t, 5*t + r = -y. List the prime factors of y/(-15) + (-96)/(-9) + -2.
3
Let x(w) = 13*w**2 + w - 609. What are the prime factors of x(-23)?
5, 1249
Let x(t) = 121*t - 48. Suppose -6*i = -2*v - 2*i + 10, -2*v - 2*i + 16 = 0. What are the prime factors of x(v)?
17, 47
Let l = 3766 + -813. List the prime factors of l.
2953
Let l be (14 - 4)/((-1)/(2*-16)). Suppose -3*d = d - l. Suppose -3*p - 305 = -5*i + i, -i - 3*p + d = 0. What are the prime factors of i?
7, 11
Let k = -1117 - -2306. List the prime factors of k.
29, 41
Suppose -5*n + 2 = -13. Let v be (4/(-16) - (-5)/4)*n. Suppose -2*f = 5*h + f - 258, 5*f + 148 = v*h. What are the prime factors of h?
3, 17
Suppose 60*i + 3720149 = 223*i. List the prime factors of i.
29, 787
Let h(x) = 7*x**2 + 5*x + 17. Let i be h(-11). Suppose v + 2*s + s = 402, s = -2*v + i. List the prime factors of v.
3, 5
Let n(w) = 3*w**2 + 2*w - 1. Let v be n(1). Suppose -5*z + 2*o - 55 = v*o, 4*z = 2*o - 62. Let i = 30 + z. List the prime factors of i.
17
Suppose -70*a + 155*a - 32269 = 62*a. What are the prime factors of a?
23, 61
Suppose 5*h + 3003 = 18*h. What are the prime factors of h - (-4 - (3 + -3))?
5, 47
Suppose 3*q + 230 = 2*b + 7*q, -b + q = -103. Suppose 3720 = b*p - 104*p. List the prime factors of p.
2, 5, 31
Let l(i) = -233*i + 4628. List the prime factors of l(0).
2, 13, 89
Let t(v) = -21*v**3 + 5*v**2 + 36*v + 198. What are the prime factors of t(-14)?
2, 103, 283
Suppose -436*n + 262908 = -871*n + 441*n. What are the prime factors of n?
2, 3, 67, 109
Let o = 77 - 61. Suppose -4*l - 15768 = -o*l. Suppose -10*u + l = -446. What are the prime factors of u?
2, 11
Let r(h) = -h**3 - h**2 + 2*h + 9. Let v be r(0). Let x be (1/(-2))/(7/(-308)). Let u = v + x. List the prime factors of u.
31
Suppose o = 3*r + 6 - 3, -3*o - 3 = 3*r. Suppose 0*j = c - j - 5, -2*c - 4*j - 2 = o. Suppose 5*n - 53 = -q, -n - 95 = -c*q - 0*q. List the prime factors of q.
3, 11
Let r(a) = 178*a**3 - 5*a**2 + 12*a + 13. List the prime factors of r(3).
2, 5, 13, 37
Let u = 32775 + -13155. List the prime factors of u.
2, 3, 5, 109
Let a be ((-12)/3 - (-14)/3)*3. Suppose x - a*x = -35. List the prime factors of (42/4)/(x/(-18) - -2).
3, 7
Let m(w) = 50*w**2 - 54*w + 5. What are the prime factors of m(-24)?
31, 971
Let h(z) = -58*z - 19*z**2 - 13 + 26*z - 3*z**3 - z**3 + 12*z. What are the prime factors of h(-9)?
2, 193
Let i(v) be the second derivative of -127*v**3/6 - 55*v**2/2 + 223*v. List the prime factors of i(-7).
2, 3, 139
Let l(r) = -6*r + 5. Let f be l(1). List the prime factors of f*2340/(-6) + -6.
2, 3
Let k(a) be the third derivative of -a**6/120 - a**5/6 - 7*a**4/24 + 5*a**3/3 - 24*a**2. Let p be k(-7). Let x = 110 - p. List the prime factors of x.
2, 3, 11
Let u = -709 + 175. Let o = u + 816. List the prime factors of o.
2, 3, 47
Let c(t) = -t**3 - 9*t**2 - 10*t + 10684. What are the prime factors of c(0)?
2, 2671
Let c(z) = z**2 + 12*z - 41. Suppose 14*j = 5*j + 36. Suppose x + x = -r - 45, 3*x = -j*r - 65. What are the prime factors of c(x)?
2, 53
Let t(q) = 20*q + 302. Let u be t(-15). Suppose -3*f = -5*f - u*c + 2018, 4*c = -5*f + 5047. List the prime factors of f.
3, 337
Let v(m) = 172*m**2 - 6. List the prime factors of v(3).
2, 3, 257
List the prime factors of ((-196)/6 + 0 + 5)*(-6 - 738).
2, 31, 83
Let v = 2874 - -2011. What are the prime factors of v?
5, 977
Let n be 20/6 - 10/(-6). Suppose -n*l - 51 = 3*r + 722, 1 = -r. What are the prime factors of (-124)/(-7) + (-44)/l?
2, 3
Let w = 110 - 106. Let o be 4 + w + (-18)/(-6). Suppose 2*d + 1521 = o*d. List the prime factors of d.
13
Let j(x) = 11*x**2 - 3*x - 54. Let v be j(-8). What are the prime factors of (-1 - 5) + v + 8?
2, 13
Let v(u) = 51*u**3 + 4*u**2 - 6*u + 7. Let y be v(2). Suppose -y = -12*n + 1. Suppose 5*k - 4*m = 405, 3*k - n - 200 = 4*m. List the prime factors of k.
5, 17
Let u = 43318 + -28385. List the prime factors of u.
109, 137
Let u(v) = 2853*v - 2776*v + 41 - 346. List the prime factors of u(24).
1543
Let a be (-30)/4*(-760)/228. Suppose -a*k + 13*k + 8664 = 0. What are the prime factors of k?
2, 19
Let n be ((-22)/(-4))/((-4)/(-680)). List the prime factors of -2 + n - 120/(-24).
2, 7, 67
Let j(g) be the first derivative of -g**4/4 + 14*g**3/3 - 5*g**2 + 14*g + 44. What are the prime factors of j(13)?
53
Let m(j) = j**3 - 13*j**2 - 7*j - 3. Let v be 72/(-126) + (-624)/(-14). Suppose 4*x = -3*i + 14 + v, -3*x - 58 = -5*i. List the prime factors of m(i).
5, 19
Suppose 3*d = -3*m + 32541, -629*m + 43397 = -625*m - 5*d. List the prime factors of m.
2, 3, 113
Let x(u) = -352*u**3 - 12*u**2 - 36*u + 5. List the prime factors of x(-3).
37, 257
Let f = -8429 - -11818. List the prime factors of f.
3389
Let r(f) = -84*f - 19. Suppose 0 = -7*g - 6 - 8. Let s be r(g). Suppose k + s = x, -3*x - 604 = -7*x + 2*k. What are the prime factors of x?
3, 17
Let n(c) = 370*c - 17. Let b be n(-1). Let q = 1129 + b. What are the prime factors of q?
2, 7, 53
Let o = -62 + 66. Suppose -643 = -o*x + 253. Suppose 0 = -s + 4*z + 128, x + 115 = 3*s - 3*z. What are the prime factors of s?
2, 3
Let o = 4298 + -2339. What are the prime factors of o?
3, 653
Let z = 364 - 148. Let j = 4 + z. List the prime factors of j.
2, 5, 11
Let t = 62 - 59. Suppose -t*m + r - 528 = -0*r, m = r - 176. Let s = m - -256. What are the prime factors of s?
2, 5
Suppose -5*h = -3*t - 4*h + 1814, -2*t + 4*h + 1216 = 0. Let k = t - 255. List the prime factors of k.
349
Let r be 14/(-6)*(1 - 13). Let g(w) = 2*w**2 + 17*w - 92. Let f be g(4). Suppose 5*z = 2*n + r, 0 = f*z - 3*z + n - 31. What are the prime factors of z?
2, 3
Suppose -6*l - 5*h + 17 = -4*l, 2*l + h + 3 = 0. List the prime factors of -279*14/(-21) + l.
2, 7, 13
Let m(d) = -d**3 + 5*d**2 + 8*d + 3. Let v be m(6). Suppose -5*g + 615 = 4*h, -5*g - 4*h + 5*h + 640 = 0. Let s = g - v. What are the prime factors of s?
2, 7
Let x = 7 + -14. Let o(f) = 2*f**2 + 7*f - 19. Let m be o(x). Suppose -198 = m*b - 33*b. List the prime factors of b.
2, 3, 11
Suppose 159850 - 479380 = -6*s. List the prime factors of s.
5, 10651
Let m = -7 + 13. Suppose -10*w = -m*w - 2952. Suppose y - 10*y = -w. List the prime factors of y.
2, 41
What are the prime factors of 7245/1 - (-23)/(529/(-92))?
13, 557
Let b(m) = -3*m**3 + 6*m**2 - 8*m - 15. Let s be b(-13). Suppose -26*o + s = -2082. What are the prime factors of o?
2, 47
List the prime factors of (-3578430)/(-606) - (0 - -16).
3, 13, 151
Let z = -37588 - -57950. List the prime factors of z.
2, 10181
Suppose -248 = -6*a + 970. Let k = a + 3. List the prime factors of ((-2)/4)/((-1)/k).
103
What are the prime factors of (130883 + 13)/12 + 4?
2, 11, 31
Let f(t) = t**3 + t**2 - 4*t + 5. Let o be f(2). Let b be (-8)/(-3)*o/6*2. Suppose y - 58 = 5*l - 10*l, -4*y - b = 0. What are the prime factors of l?
2, 3
Let d be (309/2)/(-3 - (-35)/10). Suppose 0 = -2*l + 447 + d. Suppose -16*k = -13*k - l. What are the prime factors of k?
2, 3, 7
Suppose -4*x = -5*b - 486, 93 = -5*x + 3*b + 694. Let i = 286 - x. What are the prime factors of i?
167
Let a(t) = t**3 - 4*t**2 - 5*t + 23. Let n be a(4). Suppose -2*h - 3*r = n*h - 2758, -r = -h + 558. List the prime factors of h.
2, 277
Let s(b) = 2*b**2 - 9. Let o be s(-3). Let r be (-2 + -1)/(o/6) - 6. Let u(q) = -13*q - 8. What are the prime factors of u(r)?
2, 3
Suppose 36 = -8*h + 4*h. Let f be 1/h - (-738)/81. Suppose f*y - 40 = 212. List the prime factors of y.
2, 7
Suppose -3*d = -3*g + 7827, -5208 = -2*g - 29*d + 33*d. List the prime factors of g.
2, 1307
Let b(q) = 8*q**3 + 6*q**2 - 10*q + 17. Suppose 2 = 2*y - 6. List the prime factors of b(y).
3, 5, 13
Let m(l) = -l**3 + 45*l**2 - 85*l - 16. Let p be m(43). What are the prime factors of 8/12 + 23796/p?
2, 3, 7
Suppose -30*a + 3308 = -26*a. Let u = a + -512. What are the prime factors of u?
3, 5, 7
Suppose 5*q = 5*l - 111020, -2*q = 27*l - 26*l - 22222. What are the prime factors of l?
2, 5, 2221
List the prime factors of 5/(-80) - (30/345 - (-16245525)/(-1104)).
3, 5, 109
Suppose -18 - 30 = -24*n. Suppose 5*w = 